k - 4*y - 9524 = 0, -2*k - k = -4*y - 5708. What are the prime factors of k?
2, 3, 53
Suppose -7*n + 26 = -5*n. Suppose n*m = 16*m - 423. What are the prime factors of m?
3, 47
Suppose -3*i - 6733 = -5*t, 10 - 15 = 5*i. List the prime factors of t.
2, 673
Let y(n) = n**2 - 25*n - 12. Let l = 49 - 22. What are the prime factors of y(l)?
2, 3, 7
Let n = 2355 + -1224. What are the prime factors of n?
3, 13, 29
What are the prime factors of 43/(344/10704)*1/2?
3, 223
Suppose -4*a + 2*b + 32 = -2*b, b = 1. Suppose 4*g - a = 3. Suppose 0*m - g*m + 60 = 0. List the prime factors of m.
2, 5
Let k(c) = 5*c + 53. Let t be k(-12). What are the prime factors of t - (-4520)/72 - (-2)/9?
2, 7
Suppose -16*y + 60 = -11*y - 5*h, -2*y + 5*h + 15 = 0. What are the prime factors of y?
3, 5
Suppose 5*t = -u - 2, 4*t - 2 = 3*u - 5*u. Suppose 6*p = p + u*w + 144, -4*p + w + 111 = 0. List the prime factors of p.
3
List the prime factors of (-50*8/(-16))/1.
5
Let b(h) = h**2 - 10. Let v be b(7). Suppose -2*p - v + 157 = 0. What are the prime factors of p?
59
What are the prime factors of (-1692)/(-9)*(3 - 1)?
2, 47
Suppose -2*t - 1053 = 405. List the prime factors of t/(-18)*4/6.
3
Suppose -7297 = 11*j - 807. What are the prime factors of (-48)/(-22) - 2 - j/22?
3
Suppose 230*w + 22875 = 245*w. List the prime factors of w.
5, 61
Suppose -t - 3*g + 21 = -4*g, -t = -2*g - 22. Let s = 24 - t. Suppose -5*m = -a - a + 95, s*m = -5*a + 221. What are the prime factors of a?
3, 5
Suppose 28*o - 18*o + 90640 = 0. What are the prime factors of 4/14 + o/(-28)?
2, 3
Let i be ((-5)/20)/(3/(-24)). What are the prime factors of (-4)/i - ((-24)/(-6) - 14)?
2
Suppose -13358 = -36*r + 30202. What are the prime factors of r?
2, 5, 11
Suppose 2*y + 22 = -3*a + y, 0 = -4*a + 3*y - 12. Let s be (-2)/1 - (a - 1). Let u = -3 + s. What are the prime factors of u?
2
Suppose 965 = 110*k - 105*k. List the prime factors of k.
193
Let x(y) be the third derivative of 2/3*y**3 + 4*y**2 + 5/24*y**4 + 0 + 0*y. What are the prime factors of x(5)?
29
Suppose 4*g - 5*w = 11, 2*g = -2*g + 4*w + 8. Let k be (-182)/(-6) + g/3. Suppose k = 3*o - y - 31, 3*y = -2*o + 37. List the prime factors of o.
2, 5
Suppose 68 + 7 = 5*z. Suppose 2*w - z = 15. List the prime factors of w*-3*(-1)/3.
3, 5
Let u be (-14)/(-4)*16/28. Let d(a) = -a**3 + a**2 + a + 2. Let z be d(u). Suppose -9*p + 6*p + 123 = z. List the prime factors of p.
41
Suppose 2*u - 31 = 25. Suppose -50 - 14 = 4*j. Let r = u - j. List the prime factors of r.
2, 11
Let p(g) = 27*g - 244. List the prime factors of p(36).
2, 7, 13
Suppose 0 = 10*u - 9*u - 29. Suppose 4*l - 99 - u = 0. List the prime factors of l.
2
Suppose -8*x + 10254 + 7786 = 0. List the prime factors of x.
5, 11, 41
List the prime factors of (((-6670)/(-15))/(-2))/(3/(-9)).
23, 29
Let a(m) = -17*m - 40. Let p be a(-11). Let g be 15 - 1/(-2)*0. List the prime factors of (p/g - 3)*5.
2, 17
Let v(d) = d - 1. Let k be v(4). Suppose -o - 2*o - n = -207, -k = -n. What are the prime factors of o?
2, 17
Let o(n) = 55*n + 5. Let c be o(-1). Let i = c - -116. List the prime factors of i.
2, 3, 11
Suppose 2265 = 8*q - 2007. List the prime factors of q.
2, 3, 89
Let z(f) = 10*f**2 + 1. Suppose -r - 4*y = 5, -3*r = 2*y - 1 + 6. List the prime factors of z(r).
11
Let a = 825 + -571. What are the prime factors of a?
2, 127
Suppose -h - q = -22, -2*h + 3*q = -20 - 14. Suppose -24 = -t + h. List the prime factors of t.
2, 11
Suppose 2*v - 8 = t, 3*v = t + 3*t + 12. Let m(j) = -8 + 2*j + v + 0*j. What are the prime factors of m(6)?
2
Suppose 20*r = 8905 + 5515. List the prime factors of r.
7, 103
Let h(r) = -178*r**2 - r + 1. Let i be h(1). Let f = -107 - i. List the prime factors of f.
71
Suppose q - l - 14 = -3*q, -q - 4*l + 12 = 0. Suppose 3*o + 93 = q*o. List the prime factors of o.
3, 31
Let m be ((-28)/(-8) + -3)*6. Suppose -6*z + 2*z + 26 = -2*p, 24 = -m*p + z. Let d(l) = -l + 3. List the prime factors of d(p).
2, 5
Let m be ((-3)/(-2))/(15/20). Suppose -g = -2*a - m*a + 3, g - 13 = -4*a. Let j = 22 + g. List the prime factors of j.
3
Let a be -2 - (0 + -4 + -7). Suppose a*x = 7*x + 458. What are the prime factors of x?
229
Suppose -24 = 12*y - 84. Suppose -y*r + 511 = 2*r. List the prime factors of r.
73
Let v = -32 - -36. Suppose -v*t = 146 - 430. What are the prime factors of t?
71
Let s(k) = -k**3 + 6*k**2 - k - 1. Let m be s(6). What are the prime factors of ((-12)/m)/((-7)/(-294))?
2, 3
Suppose 12*i = 5*i + 112. Let p = i + 3. List the prime factors of p.
19
Let k = 50 - 39. Let h = 43 - k. List the prime factors of h.
2
Let y = -256 + 345. What are the prime factors of y?
89
Let b(l) = 86*l - 1. Let z be b(-4). Let k = z + 494. What are the prime factors of k?
149
Let p(j) = 2*j**3 + 6*j**2 + 2*j + 1. Let y be p(-3). What are the prime factors of y/(20/(-741)) + 6/8?
2, 3, 31
Let t = 3534 - -34. What are the prime factors of t?
2, 223
Let r(d) = 411*d**3 - 9*d**2 - d. List the prime factors of r(1).
401
Suppose 2*t - 892 = -3*o, 2*t + o + 0*o - 884 = 0. Suppose -z + 6*z = t. List the prime factors of z.
2, 11
What are the prime factors of (1272/20)/(6/45)?
3, 53
Let x be 6/4*(11 + -5). What are the prime factors of x/(-3) + 0 + 34?
31
Suppose 0 = t - 2*m - 3*m - 68, 5*t - 418 = -m. List the prime factors of t + 1 - ((-36)/(-6) - 5).
83
Let y(o) = -2*o**2 - 2*o**2 - 4 - 14*o - 8*o - o**3 + 21*o. Let d be y(-4). Let q(x) = x**3 + x**2 + 11. What are the prime factors of q(d)?
11
Suppose 0 = -12*v + 5*v + 7. Let m = v - -76. What are the prime factors of m?
7, 11
Let v(o) = 31*o**3 - o**2 + 11*o - 14. List the prime factors of v(2).
2, 3, 7
Suppose 5 = 5*b - 5*w, -4*b + 4*w = -b - 1. Suppose p - b*y = 6, -5*y - 10 = 2*p - 0*p. Suppose p = -6*t + 5*t + 8. What are the prime factors of t?
2
Suppose 0 = -235*j + 233*j + 6. Let r(w) = 6*w + w + 4*w. List the prime factors of r(j).
3, 11
List the prime factors of (-84311)/(-118) + 1/(-2).
2, 3, 7, 17
Suppose -5*r + 13 = -3*x + 4, 0 = 2*x - r - 1. Suppose 101 = x*p + 23. Suppose -5*a + 2*o + 145 = p, -2*o + 4 = 0. List the prime factors of a.
2, 11
What are the prime factors of ((-4662)/(12/(-4)))/2?
3, 7, 37
Let r be (-2)/(-3) - 856/(-12). Suppose 2*x + 2*f - r = 0, -5*f - 28 + 3 = 0. List the prime factors of x.
41
Suppose -12 = -3*x, -3*x = 2*l + 3*l - 12. Suppose -4*k + 4 + 16 = l. Suppose -5*p + 3*p + 66 = 3*r, -5*p = -k*r + 135. List the prime factors of r.
2, 3
Let p be 1/(-3*2/(-24)). Suppose p*h - 2 = 6. Suppose h*t - 4*f - 38 = 0, -t + 1 + 2 = 2*f. What are the prime factors of t?
11
Let z(p) = p - 8. Let i be z(12). Let m(y) = 0*y - i - 3*y - 4 + 6*y. What are the prime factors of m(6)?
2, 5
Let s(l) = 3*l**3 - 4*l**2 + 39*l + 43. What are the prime factors of s(10)?
3, 337
Let t = -31 - -33. Suppose -145 = -4*s - 5*h + 51, 0 = t*s + h - 98. What are the prime factors of s?
7
Let r(w) = -w + 6. Let m be r(12). Let s be (1/3)/(m/(-36)). Suppose -n - s*n = -21. What are the prime factors of n?
7
Suppose 2*g - 2666 = -u, 3*g + 3*u - 2351 - 1648 = 0. What are the prime factors of g?
31, 43
Suppose 2*c + 9 = 5*c. Suppose -2*t = t - c*k - 6, 0 = 2*t + 3*k - 4. Suppose -t*z - 2*b + 22 = -42, -153 = -4*z + b. List the prime factors of z.
37
Suppose -2*a = 4*u + 34, -5*u = -3*a - 5 + 31. Let p(z) = -6*z**3 + 1. Let m be p(1). Let s = m - u. What are the prime factors of s?
2
Let p be ((-18)/(-12))/((-2)/(-4)). Let l(z) = 4*z**2 + 1. Let v be l(1). Suppose b + 0 - 26 = -v*s, 2*s = -p*b. List the prime factors of s.
2, 3
Let j(s) = -65*s + 1. Let q be j(1). Let z be q/(-24)*(-6)/(-4). Suppose -3*k - 2*v + 29 = 0, 2*v + 21 + 41 = z*k. List the prime factors of k.
13
Let c(v) = -v**3 + 5*v**2 + 12*v - 5. Let q be c(6). Let o = q + -19. What are the prime factors of o?
2, 3
Suppose 6*l - 51 = 3*l. Let p = 17 - l. What are the prime factors of p - (-14 + 3)*2?
2, 11
Let s be 12/(-30) + (-1396)/10. List the prime factors of (-9)/(45/s) - 0.
2, 7
Suppose 14553 = 47*q - 36*q. List the prime factors of q.
3, 7
Let m(y) = 7*y - 6. Let s = -8 - -12. Suppose a + 2*r - 2 = -0*r, s*a - 2*r - 18 = 0. List the prime factors of m(a).
2, 11
Suppose -4*u = -0*z - z - 26, 0 = 4*u + 2*z - 32. What are the prime factors of (12 - 3)*203/u?
3, 29
Let q be -5*((-6)/5)